 1074 is divided by c.
24
Let d be (2 - 28/8)/(3/(-18)). Suppose d = -9*k - 9. Let a = 5 + k. Calculate the remainder when 18 is divided by a.
0
Let c = -2286 - -2361. Calculate the remainder when 1196 is divided by c.
71
Let i(r) = -11*r**3 - 3*r**2 - 8*r - 15. Suppose v + 2*d = 8, -3*v + 5*d = 4*d - 52. Calculate the remainder when i(-2) is divided by v.
13
Let p = 101 + 66. Let q(o) = 11*o - 126. What is the remainder when p is divided by q(12)?
5
Let x = -611 - -877. Calculate the remainder when x is divided by 76.
38
Suppose -43*o + 46*o = -6, 5*r = -3*o + 1434. What is the remainder when r is divided by 144?
0
Suppose -2*a - 3*a = -50. Let v be (-9)/15 - (-406)/a. Suppose 3*c = 2*h - 0*h - 68, -v = -h + 3*c. Calculate the remainder when 111 is divided by h.
27
Let d(k) = -k**2 + 12*k + 37. Let x be d(14). Let j be (1 - 0)/(x/(-63)). Let h = j + 58. What is the remainder when h is divided by 4?
3
Suppose -4*n + 614 + 54 = 0. Calculate the remainder when n is divided by 16*(6 + (-25)/10).
55
Suppose -2*r = -2*q - 322, 0 = 73*r - 71*r + 5*q - 252. Suppose -4*p - y + 212 = y, p - 2*y - 43 = 0. Calculate the remainder when r is divided by p.
49
Let g = 21335 - 20480. Calculate the remainder when g is divided by 13.
10
Suppose 0 = 3*y - 15, 2*y - 17 - 25 = -4*w. Let g = -738 - -765. What is the remainder when g is divided by w?
3
Suppose -s + 81 = 5*x, s - 984 = -4*x - 920. Let c = 122 + -75. What is the remainder when c is divided by x?
13
What is the remainder when 4/8*66*130/15 is divided by 41?
40
Suppose 0 = -3*t - 308 + 323. Suppose 2*v + 340 = 5*y, -t*v + 2*v + 15 = 0. Let c(k) = k**2 + 6*k - 3. What is the remainder when y is divided by c(4)?
33
Let z(u) = 7*u**2 - 4*u + 4. Let l(s) = 2*s**2 - s + 1. Let b(j) = 4*l(j) - z(j). What is the remainder when b(-10) is divided by 34?
32
Let p = 3865 + -3403. Calculate the remainder when 2312 is divided by p.
2
Calculate the remainder when (-3)/(-6) - 4471119/(-306) is divided by 252.
248
Suppose 0 = t + 214*d - 211*d - 582, -t - 5*d + 596 = 0. Calculate the remainder when t is divided by 149.
114
Let h = 35 - 47. Let g(m) = -m**2 - 15*m - 32. Let w be g(h). Suppose 64 = 4*i + 4*k, -w*k - 24 = -i - k. Calculate the remainder when 34 is divided by i.
16
Suppose 5*m - 3*m - 56 = 0. Suppose -5*d + 20 = 0, -348 + 101 = -n + 3*d. Let c = -148 + n. Calculate the remainder when c is divided by m.
27
Let q = 504 + -496. What is the remainder when 23 is divided by (-3 + 18/4)*q/12?
0
Let r(o) = o**2 + 11*o - 47. Suppose g = 4*i - 25, i = -g - 2*g - 10. What is the remainder when r(i) is divided by 7?
5
Let j(q) = -q**2 + 6*q + 4 - q**3 + 1 + 0*q**2 + q. Calculate the remainder when 49 is divided by j(-4).
24
Suppose 0 = 6*l - 48*l + 12684. Calculate the remainder when l*3/22 - 22/121 is divided by 14.
13
Let d(s) = -7*s**3 - s**2 - s. Suppose 40 - 34 = 3*f. Suppose 4*t + f*v - 61 = -3, 2*v + 12 = t. What is the remainder when d(-2) is divided by t?
12
Let l(u) = 17*u - 488. What is the remainder when 274 is divided by l(33)?
55
Let m = -28288 + 28337. What is the remainder when 27*16*1/3 is divided by m?
46
Let v(g) = -91*g**3 + 820*g**2 - 3*g + 23. Suppose 0 = 5*n - n - 280. Calculate the remainder when v(9) is divided by n.
7
Let r(h) = 4*h**3 - 3*h**2 - 33*h - 10. What is the remainder when r(5) is divided by 22?
8
Let t be (-9)/(-21) + ((-12980)/(-28) - 3). Let d = -450 + t. Suppose -2*h = -5*u - 94, 5*u + 43 - 1 = h. What is the remainder when h is divided by d?
8
Calculate the remainder when ((-2)/3)/(1238416/(-88458) - (-90 + 76)) is divided by 152.
151
Let l(g) be the third derivative of -g**6/120 + g**5/15 + g**4/24 - g**3/6 + 58*g**2. Calculate the remainder when 27 is divided by l(2).
0
Suppose -7*f + 26748 = 4*w, -3*w - 301*f + 297*f + 20066 = 0. What is the remainder when w is divided by 67?
61
Let y(i) = 7*i**2 + 5*i - 9. Calculate the remainder when 271 is divided by y(-3).
37
Calculate the remainder when (-104)/(-416) - (-18141)/12 is divided by 41.
36
Let u = 6 - -6. Suppose -v - 4*i + 218 = 0, 3*v + 2*i = 290 + 344. Suppose -12*t = -15*t + v. What is the remainder when t is divided by u?
10
Let z(v) = -v**3 - 16*v**2 - 42*v - 14. Let t be z(-13). Calculate the remainder when 163 is divided by 11*(t/(-8 - -3))/(-1).
53
Let q(m) = 235*m - 2826. Calculate the remainder when q(17) is divided by 131.
121
Suppose b - 9 = -5*w, b + 24 = 6*b + 4*w. Let k be (760/2)/b + -4. Suppose -3*q + 114 = 3*m, k = -q + 3*q - m. Calculate the remainder when 127 is divided by q.
41
Let y = 12453 - 12425. Calculate the remainder when 19235 is divided by y.
27
Suppose 0 = -8*k + 25 - 89. Let l(i) = i**3 + 15*i**2 + 5*i - 28. Calculate the remainder when l(k) is divided by 12.
8
Suppose -21*p + 4*f - 32 = -23*p, 3*f = -7*p + 68. Calculate the remainder when 2453 is divided by p.
5
Suppose -4*n - 2 = 2*l, -l = 4*l + 3*n - 9. Let y = -98 - -101. Suppose 2*k = -l*d + 142, -d + 4*k = -y*d + 92. What is the remainder when d is divided by 25?
23
Suppose 5*g + 1708 = 12*g - 0*g. What is the remainder when g is divided by 33?
13
Let p = -66 - -30. Let u = 37 + p. Let f = u - -7. Calculate the remainder when 29 is divided by f.
5
Let q = -407 + 620. Let n = 214 - q. Calculate the remainder when 1 is divided by n.
0
Suppose -x = 4*x - i - 89, 0 = 4*x - 2*i - 76. Let m(w) = 2*w**2 - 85*w - 747. What is the remainder when x is divided by m(50)?
2
Let s = 6 + 11. Suppose 5*l = 6*i - 2*i + 2, -i - 4*l = -10. Suppose i*n - 21*h = -22*h + 104, -h = -4. What is the remainder when n is divided by s?
16
Let g(q) = -8*q - 73. Suppose -75*m + 69*m - 72 = 0. Calculate the remainder when 202 is divided by g(m).
18
Let y be (-57)/(-399) + 16/(-14). Calculate the remainder when 51 is divided by 7 - -23 - (3 - y).
25
Suppose 3*t - 91 = -x - 2*t, 5*x = -5*t + 435. Let v = 308 - x. What is the remainder when v is divided by 32?
30
Let d be 4 - ((-290)/(-90) + (-4)/18). Calculate the remainder when 8/12*-6 + 70/d is divided by 35.
31
Let d be ((-1)/(-1) + 3)*87/(-1). Suppose -4*f - f + 275 = 0. Calculate the remainder when f is divided by (2/(-6))/(4/d).
26
Suppose 189*c - g + 65 = 191*c, c + 5*g = 64. What is the remainder when c is divided by (24/(-10))/(6/(-40))?
13
Let l(q) = -q**2 - 9*q + 7. Let i(j) = 66*j + 950. What is the remainder when i(-11) is divided by l(-8)?
14
Suppose 0 = s + 16 - 70. Calculate the remainder when 87 is divided by s.
33
Suppose -10521*r + 130 = -10516*r. Suppose -3*l - 103 - 95 = -m, -5*l - 192 = -m. What is the remainder when m is divided by r?
25
Suppose -331 = 25*z - 109*z + 677. Let t be ((-2)/4)/(1/(-4)). Suppose t*j - z = -2. Calculate the remainder when 21 is divided by j.
1
Let y be (-40)/18 + (-2)/(-9). Suppose 17*f - 544 = -119. Calculate the remainder when f is divided by 1/y - 81/(-6).
12
Let z = 173 - 112. Suppose 2*p - 18 = -2*k - 2*p, 5*k = p + 45. What is the remainder when z is divided by k?
7
Let s = 42 - 37. Suppose -2844 = s*y + 741. What is the remainder when y*3/(-27) - (-2)/(-3) is divided by 27?
25
Suppose -5*z + 145 = 35. Suppose -2634 = -z*v + 4120. What is the remainder when v is divided by 62?
59
Let z = -1553 - -1712. What is the remainder when z is divided by 40?
39
Suppose 6923 - 26048 = -62*t + 7535. What is the remainder when 1293 is divided by t?
3
Let w be (18 - 28)*(-2)/(-4)*-1. What is the remainder when 613 is divided by (w + -7)*(-90)/12?
13
Suppose -5*o + 128 = -2*i + 5*i, 40 = i + o. Suppose -1369 - 2735 = -6*l. Let w = l - 543. Calculate the remainder when w is divided by i.
33
Let i(j) = -10*j**3 + 3*j**2 + 9*j + 7. Calculate the remainder when 982 is divided by i(-2).
10
Calculate the remainder when 2276 is divided by ((-56)/(-70) - 1 - 6/20)*-106.
50
Suppose 4*l - 3*z + 22 + 5 = 0, -4*z = -4. What is the remainder when 101 is divided by -1 - 10/l - 1359/(-27)?
50
Suppose 275*w = 98*w + 3717. Calculate the remainder when 895 is divided by w.
13
Let g = 779 + -811. Let m = g - -196. Calculate the remainder when m is divided by 22.
10
Let q(i) = -56*i - 1154. What is the remainder when 22 is divided by q(-21)?
0
Suppose -46*b + 10176 = 24*b - 19714. Calculate the remainder when b is divided by 72.
67
Let u(z) = -z**3 - 21*z**2 + 54*z + 27. Let d be u(-24). Sup